{"id":448,"date":"2015-03-09T11:45:20","date_gmt":"2015-03-09T10:45:20","guid":{"rendered":"http:\/\/www.listx.de\/bauernstuebl\/?page_id=448"},"modified":"2015-03-11T08:31:38","modified_gmt":"2015-03-11T07:31:38","slug":"umgebung","status":"publish","type":"page","link":"http:\/\/www.listx.de\/bauernstuebl\/umgebung\/","title":{"rendered":"Umgebung"},"content":{"rendered":"<div style=\"float:left; width:540px;\">\nWir beraten Sie gern \u00fcber Sehensw\u00fcrdigkeiten und alles Sch\u00f6ne, was unsere Gemeinde Crottendorf und die Umgebung zu bieten haben.<\/p>\n<p>[wp-blogroll catid=2]<\/p>\n<ul>\n<li>Kremserfahrten<\/li>\n<li>Rad- und Wanderweg mit Kneippbecken<\/li>\n<li>Weihnachtsberge<\/li>\n<\/ul>\n<p>[wp-blogroll catid=21]<br \/>\n[wp-blogroll catid=22]<\/p>\n<ul>\n<li>Fichtelberg 1214 m<\/li>\n<\/ul>\n<p>[wp-blogroll catid=23]<br \/>\n[wp-blogroll catid=24]<br \/>\n[wp-blogroll catid=25]<br \/>\n[wp-blogroll catid=26]<\/p>\n<p><img loading=\"lazy\" decoding=\"async\" src=\"http:\/\/www.listx.de\/bauernstuebl\/wp-content\/uploads\/2015\/03\/wanderziele.jpg\" alt=\"wanderziele\" width=\"400\" height=\"300\" class=\"alignnone size-full wp-image-536\" srcset=\"http:\/\/www.listx.de\/bauernstuebl\/wp-content\/uploads\/2015\/03\/wanderziele.jpg 400w, http:\/\/www.listx.de\/bauernstuebl\/wp-content\/uploads\/2015\/03\/wanderziele-300x225.jpg 300w\" sizes=\"auto, (max-width: 400px) 100vw, 400px\" \/><br \/>\nWanderziele rund um Crottendorf\n<\/div>\n<div style=\"margin-left:540px; padding-top:0.5px; width:540px;\">\n<img loading=\"lazy\" decoding=\"async\" src=\"http:\/\/www.listx.de\/bauernstuebl\/wp-content\/uploads\/2015\/03\/karte.jpg\" alt=\"karte\" width=\"400\" height=\"489\" class=\"alignnone size-full wp-image-529\" srcset=\"http:\/\/www.listx.de\/bauernstuebl\/wp-content\/uploads\/2015\/03\/karte.jpg 400w, http:\/\/www.listx.de\/bauernstuebl\/wp-content\/uploads\/2015\/03\/karte-245x300.jpg 245w\" sizes=\"auto, (max-width: 400px) 100vw, 400px\" \/><\/p>\n<p><img loading=\"lazy\" decoding=\"async\" src=\"http:\/\/www.listx.de\/bauernstuebl\/wp-content\/uploads\/2015\/03\/poehlberg-216x300.jpg\" alt=\"poehlberg\" width=\"216\" height=\"300\" class=\"alignnone size-medium wp-image-532\" srcset=\"http:\/\/www.listx.de\/bauernstuebl\/wp-content\/uploads\/2015\/03\/poehlberg-216x300.jpg 216w, http:\/\/www.listx.de\/bauernstuebl\/wp-content\/uploads\/2015\/03\/poehlberg.jpg 400w\" sizes=\"auto, (max-width: 216px) 100vw, 216px\" \/><br \/>\nP\u00f6hlberg (835 m)<\/p>\n<p><img loading=\"lazy\" decoding=\"async\" src=\"http:\/\/www.listx.de\/bauernstuebl\/wp-content\/uploads\/2015\/03\/schloss-schlettau.jpg\" alt=\"schloss-schlettau\" width=\"200\" height=\"283\" class=\"alignnone size-full wp-image-534\" \/>&nbsp;&nbsp;&nbsp;<img loading=\"lazy\" decoding=\"async\" src=\"http:\/\/www.listx.de\/bauernstuebl\/wp-content\/uploads\/2015\/03\/scheibenberg.jpg\" alt=\"scheibenberg\" width=\"200\" height=\"268\" class=\"alignnone size-full wp-image-533\" \/><br \/>\nSchloss Schlettau &#038; Aussichtsturm auf dem Scheibenberg (807 m)<\/p>\n<p><img loading=\"lazy\" decoding=\"async\" src=\"http:\/\/www.listx.de\/bauernstuebl\/wp-content\/uploads\/2015\/03\/baerenstein.jpg\" alt=\"baerenstein\" width=\"400\" height=\"300\" class=\"alignnone size-full wp-image-535\" srcset=\"http:\/\/www.listx.de\/bauernstuebl\/wp-content\/uploads\/2015\/03\/baerenstein.jpg 400w, http:\/\/www.listx.de\/bauernstuebl\/wp-content\/uploads\/2015\/03\/baerenstein-300x225.jpg 300w\" sizes=\"auto, (max-width: 400px) 100vw, 400px\" \/><br \/>\nB\u00e4renstein (710 m)\n<\/div\n\n<\/p>\n","protected":false},"excerpt":{"rendered":"<p>Wir beraten Sie gern \u00fcber Sehensw\u00fcrdigkeiten und alles Sch\u00f6ne, was unsere Gemeinde Crottendorf und die Umgebung zu bieten haben. [wp-blogroll catid=2] Kremserfahrten Rad- und Wanderweg mit Kneippbecken Weihnachtsberge [wp-blogroll catid=21] [wp-blogroll catid=22] Fichtelberg 1214 m [wp-blogroll catid=23] [wp-blogroll catid=24] [wp-blogroll catid=25] [wp-blogroll catid=26] Wanderziele rund um Crottendorf P\u00f6hlberg (835 m) &nbsp;&nbsp;&nbsp; Schloss Schlettau &#038; Aussichtsturm [&hellip;]<\/p>\n","protected":false},"author":1,"featured_media":0,"parent":0,"menu_order":0,"comment_status":"closed","ping_status":"closed","template":"","meta":{"footnotes":""},"class_list":["post-448","page","type-page","status-publish","hentry","post"],"_links":{"self":[{"href":"http:\/\/www.listx.de\/bauernstuebl\/wp-json\/wp\/v2\/pages\/448","targetHints":{"allow":["GET"]}}],"collection":[{"href":"http:\/\/www.listx.de\/bauernstuebl\/wp-json\/wp\/v2\/pages"}],"about":[{"href":"http:\/\/www.listx.de\/bauernstuebl\/wp-json\/wp\/v2\/types\/page"}],"author":[{"embeddable":true,"href":"http:\/\/www.listx.de\/bauernstuebl\/wp-json\/wp\/v2\/users\/1"}],"replies":[{"embeddable":true,"href":"http:\/\/www.listx.de\/bauernstuebl\/wp-json\/wp\/v2\/comments?post=448"}],"version-history":[{"count":23,"href":"http:\/\/www.listx.de\/bauernstuebl\/wp-json\/wp\/v2\/pages\/448\/revisions"}],"predecessor-version":[{"id":546,"href":"http:\/\/www.listx.de\/bauernstuebl\/wp-json\/wp\/v2\/pages\/448\/revisions\/546"}],"wp:attachment":[{"href":"http:\/\/www.listx.de\/bauernstuebl\/wp-json\/wp\/v2\/media?parent=448"}],"curies":[{"name":"wp","href":"https:\/\/api.w.org\/{rel}","templated":true}]}}